{"id":398,"date":"2026-01-26T09:56:54","date_gmt":"2026-01-26T09:56:54","guid":{"rendered":"https:\/\/radioosjakow.pl\/?page_id=398"},"modified":"2026-01-26T10:11:51","modified_gmt":"2026-01-26T10:11:51","slug":"ramowka","status":"publish","type":"page","link":"https:\/\/radioosjakow.pl\/?page_id=398","title":{"rendered":"Ram\u00f3wka"},"content":{"rendered":"\n<p><strong>Poniedzia\u0142ek &#8211; pi\u0105tek<\/strong><\/p>\n\n\n\n<figure class=\"wp-block-table\"><table class=\"has-fixed-layout\"><tbody><tr><td>  6:00 &#8211; 10:00<\/td><td>Pobudka na Fali \u2013 Radio Osjak\u00f3w<\/td><\/tr><tr><td>10:00 -12:00<\/td><td>Przedpo\u0142udnie na Luzie<\/td><\/tr><tr><td>12:00 &#8211; 15:00<\/td><td>Po\u0142udniowy Luz<\/td><\/tr><tr><td>15:00 &#8211; 18:00<\/td><td>Popo\u0142udniowy Flow<\/td><\/tr><tr><td>18:00 &#8211; 22:00<\/td><td>Wieczorny Chill <\/td><\/tr><tr><td>22:00 &#8211; 6:00<\/td><td>Nocna Fala <\/td><\/tr><tr><td>6:00, 8:00, 10:00, 12:00, 16:00, 18:00, 20:00<\/td><td>Wiadomo\u015bci z regionu\u00a0<\/td><\/tr><\/tbody><\/table><\/figure>\n\n\n\n<p><strong>Sobota &#8211; niedziela<\/strong><\/p>\n\n\n\n<figure class=\"wp-block-table\"><table class=\"has-fixed-layout\"><tbody><tr><td>  6:00 &#8211; 10:00<\/td><td>Weekendowy Start<\/td><\/tr><tr><td>10:00 -12:00<\/td><td>Po\u0142udnie Bez Spiny<\/td><\/tr><tr><td>12:00 &#8211; 15:00<\/td><td>Po\u0142udniowy Luz<\/td><\/tr><tr><td>15:00 &#8211; 18:00<\/td><td>Popo\u0142udnie na Pe\u0142nym Luzu<\/td><\/tr><tr><td>18:00 &#8211; 22:00<\/td><td>Strefa Weekendu (pozdrowienia do 20:00)<\/td><\/tr><tr><td>22:00 &#8211; 6:00<\/td><td>Nocne Granie \u2013 Radio Osjak\u00f3w<\/td><\/tr><tr><td>6:00, 10:00, 12:00, 16:00, 18:00, 20:00<\/td><td>Wiadomo\u015bci z regionu&nbsp;<\/td><\/tr><\/tbody><\/table><\/figure>\n\n\n\n<p>Radiowa nagrywarka pozdrowie\u0144 42 220 27 75<\/p>\n","protected":false},"excerpt":{"rendered":"<p>Poniedzia\u0142ek &#8211; pi\u0105tek 6:00 &#8211; 10:00 Pobudka na Fali \u2013 Radio Osjak\u00f3w 10:00 -12:00 Przedpo\u0142udnie na Luzie 12:00 &#8211; 15:00 Po\u0142udniowy Luz 15:00 &#8211; 18:00 Popo\u0142udniowy Flow 18:00 &#8211; 22:00 Wieczorny Chill 22:00 &#8211; 6:00 Nocna Fala 6:00, 8:00, 10:00, 12:00, 16:00, 18:00, 20:00 Wiadomo\u015bci z regionu\u00a0 Sobota &#8211; niedziela 6:00 &#8211; 10:00 Weekendowy Start [&hellip;]<\/p>\n","protected":false},"author":1,"featured_media":0,"parent":0,"menu_order":0,"comment_status":"closed","ping_status":"closed","template":"","meta":{"footnotes":""},"class_list":["post-398","page","type-page","status-publish","hentry"],"_links":{"self":[{"href":"https:\/\/radioosjakow.pl\/index.php?rest_route=\/wp\/v2\/pages\/398","targetHints":{"allow":["GET"]}}],"collection":[{"href":"https:\/\/radioosjakow.pl\/index.php?rest_route=\/wp\/v2\/pages"}],"about":[{"href":"https:\/\/radioosjakow.pl\/index.php?rest_route=\/wp\/v2\/types\/page"}],"author":[{"embeddable":true,"href":"https:\/\/radioosjakow.pl\/index.php?rest_route=\/wp\/v2\/users\/1"}],"replies":[{"embeddable":true,"href":"https:\/\/radioosjakow.pl\/index.php?rest_route=%2Fwp%2Fv2%2Fcomments&post=398"}],"version-history":[{"count":7,"href":"https:\/\/radioosjakow.pl\/index.php?rest_route=\/wp\/v2\/pages\/398\/revisions"}],"predecessor-version":[{"id":406,"href":"https:\/\/radioosjakow.pl\/index.php?rest_route=\/wp\/v2\/pages\/398\/revisions\/406"}],"wp:attachment":[{"href":"https:\/\/radioosjakow.pl\/index.php?rest_route=%2Fwp%2Fv2%2Fmedia&parent=398"}],"curies":[{"name":"wp","href":"https:\/\/api.w.org\/{rel}","templated":true}]}}

Ramówka

<p><strong>Poniedziałek &#8211; piątek</strong></p>



<figure class="wp-block-table"><table class="has-fixed-layout"><tbody><tr><td>  6:00 &#8211; 10:00</td><td>Pobudka na Fali – Radio Osjaków</td></tr><tr><td>10:00 -12:00</td><td>Przedpołudnie na Luzie</td></tr><tr><td>12:00 &#8211; 15:00</td><td>Południowy Luz</td></tr><tr><td>15:00 &#8211; 18:00</td><td>Popołudniowy Flow</td></tr><tr><td>18:00 &#8211; 22:00</td><td>Wieczorny Chill </td></tr><tr><td>22:00 &#8211; 6:00</td><td>Nocna Fala </td></tr><tr><td>6:00, 8:00, 10:00, 12:00, 16:00, 18:00, 20:00</td><td>Wiadomości z regionu </td></tr></tbody></table></figure>



<p><strong>Sobota &#8211; niedziela</strong></p>



<figure class="wp-block-table"><table class="has-fixed-layout"><tbody><tr><td>  6:00 &#8211; 10:00</td><td>Weekendowy Start</td></tr><tr><td>10:00 -12:00</td><td>Południe Bez Spiny</td></tr><tr><td>12:00 &#8211; 15:00</td><td>Południowy Luz</td></tr><tr><td>15:00 &#8211; 18:00</td><td>Popołudnie na Pełnym Luzu</td></tr><tr><td>18:00 &#8211; 22:00</td><td>Strefa Weekendu (pozdrowienia do 20:00)</td></tr><tr><td>22:00 &#8211; 6:00</td><td>Nocne Granie – Radio Osjaków</td></tr><tr><td>6:00, 10:00, 12:00, 16:00, 18:00, 20:00</td><td>Wiadomości z regionu&nbsp;</td></tr></tbody></table></figure>



<p>Radiowa nagrywarka pozdrowień 42 220 27 75</p>

<p>Poniedziałek &#8211; piątek 6:00 &#8211; 10:00 Pobudka na Fali – Radio Osjaków 10:00 -12:00 Przedpołudnie na Luzie 12:00 &#8211; 15:00 Południowy Luz 15:00 &#8211; 18:00 Popołudniowy Flow 18:00 &#8211; 22:00 Wieczorny Chill 22:00 &#8211; 6:00 Nocna Fala 6:00, 8:00, 10:00, 12:00, 16:00, 18:00, 20:00 Wiadomości z regionu  Sobota &#8211; niedziela 6:00 &#8211; 10:00 Weekendowy Start [&hellip;]</p>
